{"id":3348,"date":"2020-02-13T21:12:17","date_gmt":"2020-02-13T20:12:17","guid":{"rendered":"http:\/\/tuplice.pl\/index.php\/zezwolenie-na-przejazd-pojazdow-nienormatywnych-2\/"},"modified":"2020-04-03T12:14:03","modified_gmt":"2020-04-03T10:14:03","slug":"zezwolenie-na-przejazd-pojazdow-nienormatywnych-2","status":"publish","type":"page","link":"https:\/\/tuplice.pl\/index.php\/zezwolenie-na-przejazd-pojazdow-nienormatywnych-2\/","title":{"rendered":"Zezwolenie na przejazd pojazd\u00f3w nienormatywnych"},"content":{"rendered":"<p>[et_pb_section fb_built=&#8221;1&#8243; _builder_version=&#8221;3.29.3&#8243; use_background_color_gradient=&#8221;on&#8221; background_color_gradient_start=&#8221;rgba(255,255,255,0.58)&#8221; background_color_gradient_end=&#8221;rgba(255,255,255,0)&#8221; background_color_gradient_end_position=&#8221;58%&#8221; background_image=&#8221;https:\/\/tuplice.pl\/wp-content\/uploads\/2020\/02\/4-Obraz-512-scaled.jpg&#8221; background_blend=&#8221;overlay&#8221; custom_padding=&#8221;30px|0px|49px|0px|false|false&#8221; bottom_divider_style=&#8221;wave2&#8243; bottom_divider_color=&#8221;#f7f7f7&#8243; bottom_divider_height=&#8221;35px&#8221; bottom_divider_repeat=&#8221;13x&#8221;][et_pb_row use_custom_gutter=&#8221;on&#8221; gutter_width=&#8221;2&#8243; custom_padding_last_edited=&#8221;on|desktop&#8221; _builder_version=&#8221;4.0.2&#8243; custom_padding=&#8221;78px|0px|78px|0px|true|false&#8221; custom_padding_tablet=&#8221;&#8221; custom_padding_phone=&#8221;50px||50px||true&#8221; animation_style=&#8221;slide&#8221; animation_direction=&#8221;right&#8221; animation_duration=&#8221;1500ms&#8221;][et_pb_column type=&#8221;4_4&#8243; _builder_version=&#8221;3.25&#8243; custom_padding=&#8221;|||&#8221; custom_padding__hover=&#8221;|||&#8221;][et_pb_text _builder_version=&#8221;3.29.3&#8243; text_font=&#8221;Arimo||||||||&#8221; text_text_color=&#8221;#5499D4&#8243; text_font_size=&#8221;15px&#8221; header_font=&#8221;Quicksand|700|||||||&#8221; header_text_align=&#8221;left&#8221; header_text_color=&#8221;#ffffff&#8221; header_font_size=&#8221;60px&#8221; header_line_height=&#8221;1.3em&#8221; header_5_font_size=&#8221;15px&#8221; custom_margin=&#8221;-14px||&#8221; header_font_size_tablet=&#8221;&#8221; header_font_size_phone=&#8221;40px&#8221; header_font_size_last_edited=&#8221;on|desktop&#8221;]<\/p>\n<h1>Zezwolenie na przejazd pojazd\u00f3w nienormatywnych<\/h1>\n<p>[\/et_pb_text][\/et_pb_column][\/et_pb_row][\/et_pb_section][et_pb_section fb_built=&#8221;1&#8243; _builder_version=&#8221;3.29.3&#8243; background_color=&#8221;#f7f7f7&#8243; module_alignment=&#8221;center&#8221; custom_margin=&#8221;3%||||false|false&#8221; custom_padding=&#8221;0px|||||&#8221;][et_pb_row column_structure=&#8221;3_4,1_4&#8243; use_custom_gutter=&#8221;on&#8221; gutter_width=&#8221;2&#8243; _builder_version=&#8221;3.29.3&#8243; width=&#8221;85%&#8221; max_width=&#8221;85%&#8221; custom_padding=&#8221;0px|||||&#8221;][et_pb_column type=&#8221;3_4&#8243; _builder_version=&#8221;3.29.3&#8243;][et_pb_text _builder_version=&#8221;4.3.4&#8243; text_font=&#8221;Raleway||||||||&#8221; text_text_color=&#8221;#000000&#8243; text_font_size=&#8221;17px&#8221; text_orientation=&#8221;justified&#8221; custom_padding=&#8221;35px||||false|false&#8221;]<\/p>\n<h2>Uwaga!<\/h2>\n<p>W zwi\u0105zku z nowelizacj\u0105 z dnia 18 sierpnia 2011 r. (Dz.U. z 2011 nr 222 poz. 1321) ustawy z dnia 20 czerwca 1997 Prawo o ruchu drogowym, na przejazd pojazd\u00f3w nienormatywnych po drogach gminnych wymagane jest zezwolenie kat. I wydawane przez W\u00f3jta Gminy Tuplice. Informacja o sposobie ubiegania si\u0119 o zezwolenie oraz wszystkie wyja\u015bnienia w niniejszej sprawie mo\u017cna uzyska\u0107 pod nr tel. 68 362 57 23 oraz dost\u0119pne s\u0105 w zak\u0142adce Przedsi\u0119biorczo\u015b\u0107 na stronie www.tuplice.pl Za brak zezwolenia wymierzana jest kara grzywny w wysoko\u015bci 1500 z\u0142 za pojazd bez zezwolenia lub wypisu.<\/p>\n<p>&nbsp;<\/p>\n<h3>\u00a0<\/h3>\n<p>Przejazdy pojazd\u00f3w nienormatywnych po drogach gminnych \u2013 Gmina Tuplice \u2013 Zezwolenia kategorii I<br \/>Pojazd nienormatywny \u2013 to pojazd lub zesp\u00f3\u0142 pojazd\u00f3w, kt\u00f3rego naciski osi wraz z \u0142adunkiem lub bez \u0142adunku s\u0105 wi\u0119ksze od dopuszczalnych, przewidzianych dla danej kategorii drogi w przepisach o drogach publicznych, lub kt\u00f3rego wymiary lub rzeczywista masa ca\u0142kowita wraz z \u0142adunkiem lub bez niego s\u0105 wi\u0119ksze od dopuszczalnych, przewidzianych w przepisach.<br \/>Procedura<br \/>Przejazd pojazdu nienormatywnego wymaga uzyskania zezwolenia (decyzji administracyjnej) na przejazd pojazdu nienormatywnego odpowiedniej kategorii, wydawanego, w drodze decyzji administracyjnej, przez w\u0142a\u015bciwy organ.<br \/>Nowa procedura wydawania zezwole\u0144 kategorii I po drogach gminnych dotyczy ka\u017cdego podmiotu, kt\u00f3ry ubiega si\u0119 o zezwolenie na przejazd pojazdu nienormatywnego kategorii I po drogach gminnych w granicach gminy Tuplice.<br \/>Zezwolenia kategorii I na przejazd pojazdu nienormatywnego<br \/>Zezwolenie kategorii I na przejazd pojazdu nienormatywnego jest wydawane w celu umo\u017cliwienia dojazdu do i ze wskazanego w zezwoleniu miejsca i uprawnia do ruchu po drodze wskazanej w zezwoleniu.<br \/>Zezwolenie kategorii I wydawane jest dla nast\u0119puj\u0105cych pojazd\u00f3w:<br \/>\u00b7 o wymiarach oraz rzeczywistej masie ca\u0142kowitej nie wi\u0119kszych od dopuszczalnych,<br \/>\u00b7 o naciskach osi nieprzekraczaj\u0105cych wielko\u015bci przewidzianych dla dr\u00f3g o dopuszczalnym nacisku pojedynczej osi nap\u0119dowej do 11,5 t.<br \/>Dopuszczalne warto\u015bci mas pojazd\u00f3w i ich nacisk\u00f3w osi oraz wymiar\u00f3w podane s\u0105 w Rozporz\u0105dzeniu Ministra Infrastruktury w sprawie warunk\u00f3w technicznych pojazd\u00f3w oraz zakresu ich niezb\u0119dnego wyposa\u017cenia.<br \/>Zezwolenie kategorii I wydawane jest przez zarz\u0105dc\u0119 drogi po kt\u00f3rej ma porusza\u0107 si\u0119 dany pojazd.<br \/>W przypadku przejazdu tylko po drogach gminnych zezwolenia kategorii I wydawane s\u0105 przez W\u00f3jta Gminy Tuplice dla dr\u00f3g gminnych w graniach administracyjnych gminy Tuplice.<br \/>Do zezwolenia kategorii I wydawane s\u0105 wypisy w liczbie pojazd\u00f3w zg\u0142oszonych do tego zezwolenia.<br \/>Wypis zezwolenia musi znajdowa\u0107 si\u0119 obowi\u0105zkowo w ka\u017cdy poje\u017adzie, kt\u00f3ry zosta\u0142 zg\u0142oszony we wniosku \u2013 zgodnie z zezwoleniem, zgod\u0119 na przejazd w okre\u015blonym terminie maj\u0105 tylko te pojazdy, kt\u00f3re posiadaj\u0105 wypisy zezwolenia.<br \/>Zezwolenie kategorii I wydawane jest na okres:<br \/>\u00b7 miesi\u0105ca,<br \/>\u00b7 6 miesi\u0119cy,<br \/>\u00b7 12 miesi\u0119cy.<br \/>Wymagane dokumenty do realizacji procedury<br \/>Przewo\u017anik lub\/i Wnioskodawca przed wykonaniem planowanego przejazdu pojazdu nienormatywnego, o kt\u00f3rym mowa w art. 64 Ustawy prawo o ruchu drogowym, zobligowany jest do z\u0142o\u017cenia stosownego wniosku o wydanie zezwolenia na przejazd pojazdu nienormatywnego.<br \/>Wniosek o wydanie zezwolenia kategorii I, wraz z niezb\u0119dnymi za\u0142\u0105cznikami powinien by\u0107 z\u0142o\u017cony co najmniej na 7 dni roboczych przed planowanym przejazdem.<br \/>Do wniosku nale\u017cy za\u0142\u0105czy\u0107:<br \/>\u00b7 dow\u00f3d wniesienia op\u0142aty za wydanie zezwolenia,<br \/>\u00b7 wniosek o wydanie zezwolenia kategorii I na przejazd pojazdu nienormatywnego wraz z za\u0142\u0105cznikiem ( wz\u00f3r).<br \/>Spos\u00f3b i miejsce sk\u0142adania dokument\u00f3w<br \/>Wniosek w sprawie wydania zezwolenia na przejazd pojazdu nienormatywnego kategorii I nale\u017cy z\u0142o\u017cy\u0107 bezpo\u015brednio lub listownie w siedzibie Urz\u0119du Gminy:<br \/>\u00b7 Urz\u0105d Gminy Tuplice<br \/>ul. Mickiewicza 27<br \/>68 \u2013 219 Tuplice<br \/>tel. 68 362 57 20, 68 326 57 23<br \/>\u00b7 lub elektronicznie (e-mail) na adres e-mail:\u00a0<a href=\"mailto:gmina@tuplice.pl\">gmina@tuplice.pl<\/a>\u00a0oraz do wiadomo\u015bci <a href=\"mailto:sekretarz@tuplice.pl\">sekretarz@tuplice.pl<\/a><br \/>Wysoko\u015b\u0107 op\u0142at<br \/>Op\u0142at\u0119 za przejazd pojazdu nienormatywnego ustala si\u0119 jako iloczyn liczby wypis\u00f3w (wypis wydawany jest osobno dla ka\u017cdego pojazdu obj\u0119tego zezwoleniem) i odpowiedniej stawki op\u0142aty za zezwolenie w I kategorii.<br \/>dla zezwolenia wydanego na okres miesi\u0105ca: 50,00 PLN,<br \/>dla zezwolenia wydanego na okres 6 miesi\u0119cy: 100,00 PLN,<br \/>dla zezwolenia wydanego na okres 12 miesi\u0119cy: 200,00 PLN.<br \/>Op\u0142at\u0119 za przejazd pojazdu nienormatywnego nale\u017cy dokona\u0107 na rachunek bankowy Urz\u0119du Gminy w Tuplicach, tytu\u0142em op\u0142aty za wydanie zezwolenia na przejazdy pojazd\u00f3w nienormatywnych kategorii I:<br \/>PKO BP S A \u2013 56 1020 5460 0000 5902 0005 9980<br \/>Rozpoznanie wniosku:<br \/>Sprawy rozpatrywane s\u0105 niezw\u0142ocznie, tj. w terminie do 7 dni roboczych od dnia z\u0142o\u017cenia wniosku.<br \/>Tre\u015b\u0107 i forma zezwolenia na przejazd pojazdu nienormatywnego zosta\u0142a okre\u015blona w Rozporz\u0105dzeniu Ministra Transportu, Budownictwa i Gospodarki Morskiej z dnia 22 czerwca 2012r. w sprawie zezwole\u0144 na przejazd pojazd\u00f3w nienormatywnych (Dz. U. z 2012 r. poz. 764).<br \/>Odbi\u00f3r zezwolenia<br \/>Zezwolenie dor\u0119czane jest za po\u015brednictwem poczty za zwrotnym po\u015bwiadczeniem odbioru lub Wnioskodawca mo\u017ce odebra\u0107 je osobi\u015bcie, za pokwitowaniem odbioru, w Urz\u0119du Gminy Tuplice (art. 39, art. 42 \u00a7 1 i \u00a7 2 KPA).<br \/>Kary za przejazd pojazdem nienormatywnym bez stosownego zezwolenia<br \/>Za przejazd po drogach publicznych pojazd\u00f3w nienormatywnych bez zezwolenia, lub niezgodnie z warunkami okre\u015blonymi dla tego zezwolenia, w drodze decyzji administracyjnej nak\u0142ada si\u0119 kar\u0119 pieni\u0119\u017cn\u0105 na:<br \/>\u00b7 podmiot wykonuj\u0105cy przejazd;<br \/>\u00b7 podmiot wykonuj\u0105cy inne czynno\u015bci zwi\u0105zane z przewozem drogowym, a w szczeg\u00f3lno\u015bci na organizatora transportu, nadawc\u0119, odbiorc\u0119, za\u0142adowc\u0119 lub spedytora, je\u017celi okoliczno\u015bci lub dowody wskazuj\u0105, \u017ce podmiot ten mia\u0142 wp\u0142yw lub godzi\u0142 si\u0119 na powstanie naruszenia okre\u015blonego w ust. 1.<br \/>Kar\u0119 pieni\u0119\u017cn\u0105 z przejazd nienormatywny bez zezwolenia ustala si\u0119 w wysoko\u015bci 1 500 PLN za brak zezwolenia kategorii I.<br \/>Zwolnienia z konieczno\u015bci uzyskania zezwolenia<br \/>Zwolnienia z konieczno\u015bci uzyskania zezwolenia dotycz\u0105 nast\u0119puj\u0105cych pojazd\u00f3w:<br \/>\u00b7 autobus\u00f3w \u2013 w zakresie nacisk\u00f3w na o\u015b,<br \/>\u00b7 pojazd\u00f3w bior\u0105cych udzia\u0142 w akcjach ratowniczych oraz przy bezpo\u015bredniej likwidacji skutk\u00f3w kl\u0119sk \u017cywio\u0142owych<br \/>\u00b7 pojazd\u00f3w zarz\u0105dc\u00f3w dr\u00f3g,<br \/>\u00b7 pojazd\u00f3w Policji, Inspekcji Transportu Drogowego, Biura Ochrony Rz\u0105du, Agencji Bezpiecze\u0144stwa Wewn\u0119trznego, Agencji Wywiadu, Centralnego Biura Antykorupcyjnego, Stra\u017cy Granicznej, S\u0142u\u017cby Wi\u0119ziennej, S\u0142u\u017cby Celnej oraz jednostek ochrony przeciwpo\u017carowej, wykonuj\u0105cego zadania tych s\u0142u\u017cb.<br \/>Podstawa prawna:<br \/>\u00b7 art. 2, ust. 35a, art. 64, art. 64a, art. 64e, art. 64f, art. 64g, art. 64h, art. 64i ustawy z dnia 20 czerwca 1997 r. prawo o ruchu drogowym (tekst jednolity Dz.U. z 2005r. Nr 108, poz. 908, z p\u00f3\u017an. zm.),<br \/>\u00b7 ustawa z dnia 18 sierpnia 2011 r. o zmianie ustawy prawo o ruchu drogowym oraz niekt\u00f3rych innych ustaw (Dz. U. z 2011 r. Nr 222, poz. 1321),<br \/>\u00b7 rozporz\u0105dzenie Ministra Transportu, Budownictwa i Gospodarki Morskiej z dnia 22 czerwca 2012 r. w sprawie zezwole\u0144 na przejazd pojazd\u00f3w nienormatywnych (Dz. U. z 2012 r., poz. 764),<br \/>\u00b7 rozporz\u0105dzenie Ministra Transportu, Budownictwa i Gospodarki Morskiej z dnia 23 maja 2012 r. w sprawie pilotowania pojazd\u00f3w nienormatywnych (Dz. U. z 2012r., poz. 629),<br \/>\u00b7 rozporz\u0105dzenie Ministra Transportu, Budownictwa i Gospodarki Morskiej z dnia28 marca 2012 r. w sprawie wysoko\u015bci op\u0142at za wydanie zezwolenia na przejazd pojazdu nienormatywnego (Dz. U. z 2012 r., poz. 366),<br \/>\u00b7 rozporz\u0105dzenie Ministra Infrastruktury z dnia 26 lipca 2004 r. w sprawie koszt\u00f3w zwi\u0105zanych z okre\u015bleniem tras przejazdu (Dz. U. z 2004 r. Nr 170, poz. 1792),<br \/>\u00b7 kodeks post\u0119powania administracyjnego (tekst jednolity: Dz. U. z 2000 r., Nr 98, poz. 1071, z p\u00f3\u017an. zm.),<br \/>\u00b7 ustawa o op\u0142acie skarbowej (tekst jednolity: Dz. U. z 2006 r., Nr 225, poz. 1635, z p\u00f3\u017an. zm.).<\/p>\n<p>&nbsp;<\/p>\n<p>[\/et_pb_text][\/et_pb_column][et_pb_column type=&#8221;1_4&#8243; _builder_version=&#8221;3.29.3&#8243;][et_pb_sidebar orientation=&#8221;right&#8221; area=&#8221;sidebar-1&#8243; _builder_version=&#8221;4.3.4&#8243; header_text_align=&#8221;center&#8221; text_orientation=&#8221;center&#8221; width=&#8221;99.2%&#8221; custom_margin=&#8221;|-35px||||&#8221; custom_padding=&#8221;|||23px||&#8221; global_module=&#8221;3647&#8243; saved_tabs=&#8221;all&#8221;][\/et_pb_sidebar][\/et_pb_column][\/et_pb_row][\/et_pb_section][et_pb_section fb_built=&#8221;1&#8243; admin_label=&#8221;Reach Us Section&#8221; _builder_version=&#8221;4.0.2&#8243; use_background_color_gradient=&#8221;on&#8221; background_color_gradient_start=&#8221;#f2f7fc&#8221; background_color_gradient_end=&#8221;rgba(242,247,252,0.76)&#8221; background_color_gradient_start_position=&#8221;18%&#8221; background_color_gradient_overlays_image=&#8221;on&#8221; background_image=&#8221;https:\/\/tuplice.pl\/wp-content\/uploads\/2020\/02\/field-1246620_1920.jpg&#8221; custom_padding=&#8221;33px||85px||false|false&#8221;][et_pb_row admin_label=&#8221;Reach Us Area&#8221; _builder_version=&#8221;3.25&#8243; animation_style=&#8221;slide&#8221; animation_direction=&#8221;left&#8221; animation_duration=&#8221;1250ms&#8221; animation_delay=&#8221;500ms&#8221;][et_pb_column type=&#8221;4_4&#8243; _builder_version=&#8221;3.25&#8243; custom_padding=&#8221;|||&#8221; custom_padding__hover=&#8221;|||&#8221;][et_pb_text admin_label=&#8221;1&#8243; _builder_version=&#8221;4.0.2&#8243; header_2_font=&#8221;Quicksand|700|||||||&#8221; header_2_text_align=&#8221;center&#8221; header_2_text_color=&#8221;#e57a00&#8243; header_2_font_size=&#8221;40px&#8221; header_5_font_size=&#8221;15px&#8221; max_width=&#8221;550px&#8221; module_alignment=&#8221;center&#8221; custom_margin=&#8221;||0px|&#8221; header_2_font_size_tablet=&#8221;&#8221; header_2_font_size_phone=&#8221;30px&#8221; header_2_font_size_last_edited=&#8221;on|desktop&#8221;]<\/p>\n<h2>Kontakt<\/h2>\n<p>[\/et_pb_text][et_pb_divider color=&#8221;#e57a00&#8243; divider_style=&#8221;dotted&#8221; divider_position=&#8221;center&#8221; divider_weight=&#8221;4px&#8221; _builder_version=&#8221;3.19.3&#8243; max_width=&#8221;50px&#8221; module_alignment=&#8221;center&#8221; custom_margin=&#8221;-1px||20px|&#8221; animation_direction=&#8221;top&#8221;][\/et_pb_divider][et_pb_text _builder_version=&#8221;4.3.4&#8243; text_font=&#8221;Arimo||||||||&#8221; text_text_color=&#8221;#000000&#8243; text_font_size=&#8221;15px&#8221; text_line_height=&#8221;1.8em&#8221; header_5_font_size=&#8221;15px&#8221; text_orientation=&#8221;center&#8221; max_width=&#8221;550px&#8221; module_alignment=&#8221;center&#8221; custom_margin=&#8221;-13px||&#8221;][\/et_pb_text][\/et_pb_column][\/et_pb_row][et_pb_row column_structure=&#8221;1_3,1_3,1_3&#8243; _builder_version=&#8221;3.25&#8243; custom_padding=&#8221;0px||0px|||&#8221; animation_style=&#8221;slide&#8221; animation_direction=&#8221;right&#8221; animation_duration=&#8221;1250ms&#8221; animation_delay=&#8221;500ms&#8221;][et_pb_column type=&#8221;1_3&#8243; _builder_version=&#8221;3.25&#8243; custom_padding=&#8221;|||&#8221; custom_padding__hover=&#8221;|||&#8221;][et_pb_blurb title=&#8221;Adres&#8221; image=&#8221;https:\/\/tuplice.pl\/wp-content\/uploads\/2020\/02\/htyy55-1.png&#8221; image_max_width=&#8221;71px&#8221; admin_label=&#8221;1&#8243; _builder_version=&#8221;4.0.2&#8243; header_font=&#8221;Quicksand|700|||||||&#8221; header_text_color=&#8221;#e57a00&#8243; header_font_size=&#8221;20px&#8221; body_font=&#8221;Arimo||||||||&#8221; body_text_color=&#8221;#000000&#8243; body_font_size=&#8221;15px&#8221; body_line_height=&#8221;1.8em&#8221; background_color=&#8221;#ffffff&#8221; text_orientation=&#8221;center&#8221; custom_padding=&#8221;60px|30px|60px|30px&#8221; border_radii=&#8221;on|8px|8px|8px|8px&#8221; box_shadow_style=&#8221;preset2&#8243; box_shadow_horizontal=&#8221;0px&#8221; box_shadow_vertical=&#8221;15px&#8221; box_shadow_blur=&#8221;25px&#8221; box_shadow_color=&#8221;rgba(0,0,0,0.05)&#8221; custom_margin__hover_enabled=&#8221;on&#8221; custom_margin__hover=&#8221;-19px||&#8221; header_letter_spacing__hover_enabled=&#8221;on&#8221; header_letter_spacing__hover=&#8221;2px&#8221; background__hover_enabled=&#8221;on&#8221; background_color__hover=&#8221;#f2f7fc&#8221;]Mickiewicza 27<br \/>\n68-219 Tuplice[\/et_pb_blurb][\/et_pb_column][et_pb_column type=&#8221;1_3&#8243; _builder_version=&#8221;3.25&#8243; custom_padding=&#8221;|||&#8221; custom_padding__hover=&#8221;|||&#8221;][et_pb_blurb title=&#8221;Telefon&#8221; image=&#8221;https:\/\/tuplice.pl\/wp-content\/uploads\/2020\/02\/htyy55-2.png&#8221; image_max_width=&#8221;71px&#8221; admin_label=&#8221;1&#8243; _builder_version=&#8221;4.0.2&#8243; header_font=&#8221;Quicksand|700|||||||&#8221; header_text_color=&#8221;#e57a00&#8243; header_font_size=&#8221;20px&#8221; body_font=&#8221;Arimo||||||||&#8221; body_text_color=&#8221;#000000&#8243; body_font_size=&#8221;15px&#8221; body_line_height=&#8221;1.8em&#8221; background_color=&#8221;#ffffff&#8221; text_orientation=&#8221;center&#8221; custom_padding=&#8221;60px|30px|85px|30px|false|false&#8221; border_radii=&#8221;on|8px|8px|8px|8px&#8221; box_shadow_style=&#8221;preset2&#8243; box_shadow_horizontal=&#8221;0px&#8221; box_shadow_vertical=&#8221;15px&#8221; box_shadow_blur=&#8221;25px&#8221; box_shadow_color=&#8221;rgba(0,0,0,0.05)&#8221; background_color__hover=&#8221;#f2f7fc&#8221; custom_margin__hover_enabled=&#8221;on&#8221; custom_margin__hover=&#8221;-19px||&#8221; header_letter_spacing__hover_enabled=&#8221;on&#8221; header_letter_spacing__hover=&#8221;2px&#8221; background__hover_enabled=&#8221;on&#8221;]68 362 57 20[\/et_pb_blurb][\/et_pb_column][et_pb_column type=&#8221;1_3&#8243; _builder_version=&#8221;3.25&#8243; custom_padding=&#8221;|||&#8221; custom_padding__hover=&#8221;|||&#8221;][et_pb_blurb title=&#8221;Email&#8221; image=&#8221;https:\/\/tuplice.pl\/wp-content\/uploads\/2020\/02\/htyy55-3.png&#8221; image_max_width=&#8221;71px&#8221; admin_label=&#8221;1&#8243; _builder_version=&#8221;4.3.4&#8243; header_font=&#8221;Quicksand|700|||||||&#8221; header_text_color=&#8221;#e57a00&#8243; header_font_size=&#8221;20px&#8221; body_font=&#8221;Arimo||||||||&#8221; body_text_color=&#8221;#000000&#8243; body_font_size=&#8221;15px&#8221; body_line_height=&#8221;1.8em&#8221; background_color=&#8221;#ffffff&#8221; text_orientation=&#8221;center&#8221; custom_padding=&#8221;60px|30px|85px|30px|false|false&#8221; hover_enabled=&#8221;0&#8243; border_radii=&#8221;on|8px|8px|8px|8px&#8221; box_shadow_style=&#8221;preset2&#8243; box_shadow_horizontal=&#8221;0px&#8221; box_shadow_vertical=&#8221;15px&#8221; box_shadow_blur=&#8221;25px&#8221; box_shadow_color=&#8221;rgba(0,0,0,0.05)&#8221; background_color__hover=&#8221;#f2f7fc&#8221; custom_margin__hover_enabled=&#8221;on&#8221; custom_margin__hover=&#8221;-19px||&#8221; header_letter_spacing__hover_enabled=&#8221;on&#8221; header_letter_spacing__hover=&#8221;2px&#8221; background__hover_enabled=&#8221;on&#8221;]<\/p>\n<p><a href=\"mailto:gmina@tuplice.pl\">gmina@tuplice.pl<\/a><\/p>\n<p>[\/et_pb_blurb][\/et_pb_column][\/et_pb_row][\/et_pb_section][et_pb_section fb_built=&#8221;1&#8243; fullwidth=&#8221;on&#8221; _builder_version=&#8221;4.0.2&#8243;][et_pb_fullwidth_code _builder_version=&#8221;4.0.2&#8243;]<iframe loading=\"lazy\" src=\"https:\/\/www.google.com\/maps\/embed?pb=!1m14!1m8!1m3!1d9896.950641836056!2d14.8321652!3d51.6737927!3m2!1i1024!2i768!4f13.1!3m3!1m2!1s0x0%3A0xdfaf49a559e5887!2sUrz%C4%85d%20Gminy%20Tuplice!5e0!3m2!1spl!2spl!4v1580768327608!5m2!1spl!2spl\" width=\"2500\" height=\"400\" frameborder=\"0\" style=\"border:0;\" allowfullscreen=\"\"><\/iframe>[\/et_pb_fullwidth_code][\/et_pb_section]<\/p>\n<div class=\"pvc_clear\"><\/div>\n<p id=\"pvc_stats_3348\" class=\"pvc_stats all  \" data-element-id=\"3348\" style=\"\"><i class=\"pvc-stats-icon medium\" aria-hidden=\"true\"><svg aria-hidden=\"true\" focusable=\"false\" data-prefix=\"far\" data-icon=\"chart-bar\" role=\"img\" xmlns=\"http:\/\/www.w3.org\/2000\/svg\" viewBox=\"0 0 512 512\" class=\"svg-inline--fa fa-chart-bar fa-w-16 fa-2x\"><path fill=\"currentColor\" d=\"M396.8 352h22.4c6.4 0 12.8-6.4 12.8-12.8V108.8c0-6.4-6.4-12.8-12.8-12.8h-22.4c-6.4 0-12.8 6.4-12.8 12.8v230.4c0 6.4 6.4 12.8 12.8 12.8zm-192 0h22.4c6.4 0 12.8-6.4 12.8-12.8V140.8c0-6.4-6.4-12.8-12.8-12.8h-22.4c-6.4 0-12.8 6.4-12.8 12.8v198.4c0 6.4 6.4 12.8 12.8 12.8zm96 0h22.4c6.4 0 12.8-6.4 12.8-12.8V204.8c0-6.4-6.4-12.8-12.8-12.8h-22.4c-6.4 0-12.8 6.4-12.8 12.8v134.4c0 6.4 6.4 12.8 12.8 12.8zM496 400H48V80c0-8.84-7.16-16-16-16H16C7.16 64 0 71.16 0 80v336c0 17.67 14.33 32 32 32h464c8.84 0 16-7.16 16-16v-16c0-8.84-7.16-16-16-16zm-387.2-48h22.4c6.4 0 12.8-6.4 12.8-12.8v-70.4c0-6.4-6.4-12.8-12.8-12.8h-22.4c-6.4 0-12.8 6.4-12.8 12.8v70.4c0 6.4 6.4 12.8 12.8 12.8z\" class=\"\"><\/path><\/svg><\/i> <img decoding=\"async\" loading=\"lazy\" width=\"16\" height=\"16\" alt=\"Loading\" src=\"https:\/\/tuplice.pl\/wp-content\/plugins\/page-views-count\/ajax-loader-2x.gif\" border=0 \/><\/p>\n<div class=\"pvc_clear\"><\/div>\n","protected":false},"excerpt":{"rendered":"<p>[et_pb_section fb_built=&#8221;1&#8243; _builder_version=&#8221;3.29.3&#8243; use_background_color_gradient=&#8221;on&#8221; background_color_gradient_start=&#8221;rgba(255,255,255,0.58)&#8221; background_color_gradient_end=&#8221;rgba(255,255,255,0)&#8221; background_color_gradient_end_position=&#8221;58%&#8221; background_image=&#8221;https:\/\/tuplice.pl\/wp-content\/uploads\/2020\/02\/4-Obraz-512-scaled.jpg&#8221; background_blend=&#8221;overlay&#8221; custom_padding=&#8221;30px|0px|49px|0px|false|false&#8221; bottom_divider_style=&#8221;wave2&#8243; bottom_divider_color=&#8221;#f7f7f7&#8243; bottom_divider_height=&#8221;35px&#8221; bottom_divider_repeat=&#8221;13x&#8221;][et_pb_row use_custom_gutter=&#8221;on&#8221; gutter_width=&#8221;2&#8243; custom_padding_last_edited=&#8221;on|desktop&#8221; _builder_version=&#8221;4.0.2&#8243; custom_padding=&#8221;78px|0px|78px|0px|true|false&#8221; custom_padding_tablet=&#8221;&#8221; custom_padding_phone=&#8221;50px||50px||true&#8221; animation_style=&#8221;slide&#8221; animation_direction=&#8221;right&#8221; animation_duration=&#8221;1500ms&#8221;][et_pb_column type=&#8221;4_4&#8243; _builder_version=&#8221;3.25&#8243; custom_padding=&#8221;|||&#8221; custom_padding__hover=&#8221;|||&#8221;][et_pb_text _builder_version=&#8221;3.29.3&#8243; text_font=&#8221;Arimo||||||||&#8221; text_text_color=&#8221;#5499D4&#8243; text_font_size=&#8221;15px&#8221; header_font=&#8221;Quicksand|700|||||||&#8221; header_text_align=&#8221;left&#8221; header_text_color=&#8221;#ffffff&#8221; header_font_size=&#8221;60px&#8221; header_line_height=&#8221;1.3em&#8221; header_5_font_size=&#8221;15px&#8221; custom_margin=&#8221;-14px||&#8221; header_font_size_tablet=&#8221;&#8221; header_font_size_phone=&#8221;40px&#8221; header_font_size_last_edited=&#8221;on|desktop&#8221;] Zezwolenie na przejazd pojazd\u00f3w nienormatywnych [\/et_pb_text][\/et_pb_column][\/et_pb_row][\/et_pb_section][et_pb_section fb_built=&#8221;1&#8243; _builder_version=&#8221;3.29.3&#8243; background_color=&#8221;#f7f7f7&#8243; module_alignment=&#8221;center&#8221; custom_margin=&#8221;3%||||false|false&#8221; custom_padding=&#8221;0px|||||&#8221;][et_pb_row column_structure=&#8221;3_4,1_4&#8243; [&hellip;]<\/p>\n<div class=\"pvc_clear\"><\/div>\n<p id=\"pvc_stats_3348\" class=\"pvc_stats all  \" data-element-id=\"3348\" style=\"\"><i class=\"pvc-stats-icon medium\" aria-hidden=\"true\"><svg aria-hidden=\"true\" focusable=\"false\" data-prefix=\"far\" data-icon=\"chart-bar\" role=\"img\" xmlns=\"http:\/\/www.w3.org\/2000\/svg\" viewBox=\"0 0 512 512\" class=\"svg-inline--fa fa-chart-bar fa-w-16 fa-2x\"><path fill=\"currentColor\" d=\"M396.8 352h22.4c6.4 0 12.8-6.4 12.8-12.8V108.8c0-6.4-6.4-12.8-12.8-12.8h-22.4c-6.4 0-12.8 6.4-12.8 12.8v230.4c0 6.4 6.4 12.8 12.8 12.8zm-192 0h22.4c6.4 0 12.8-6.4 12.8-12.8V140.8c0-6.4-6.4-12.8-12.8-12.8h-22.4c-6.4 0-12.8 6.4-12.8 12.8v198.4c0 6.4 6.4 12.8 12.8 12.8zm96 0h22.4c6.4 0 12.8-6.4 12.8-12.8V204.8c0-6.4-6.4-12.8-12.8-12.8h-22.4c-6.4 0-12.8 6.4-12.8 12.8v134.4c0 6.4 6.4 12.8 12.8 12.8zM496 400H48V80c0-8.84-7.16-16-16-16H16C7.16 64 0 71.16 0 80v336c0 17.67 14.33 32 32 32h464c8.84 0 16-7.16 16-16v-16c0-8.84-7.16-16-16-16zm-387.2-48h22.4c6.4 0 12.8-6.4 12.8-12.8v-70.4c0-6.4-6.4-12.8-12.8-12.8h-22.4c-6.4 0-12.8 6.4-12.8 12.8v70.4c0 6.4 6.4 12.8 12.8 12.8z\" class=\"\"><\/path><\/svg><\/i> <img decoding=\"async\" loading=\"lazy\" width=\"16\" height=\"16\" alt=\"Loading\" src=\"https:\/\/tuplice.pl\/wp-content\/plugins\/page-views-count\/ajax-loader-2x.gif\" border=0 \/><\/p>\n<div class=\"pvc_clear\"><\/div>\n","protected":false},"author":1,"featured_media":0,"parent":0,"menu_order":0,"comment_status":"closed","ping_status":"closed","template":"","meta":{"_et_pb_use_builder":"on","_et_pb_old_content":"","_et_gb_content_width":"","_monsterinsights_skip_tracking":false,"_monsterinsights_sitenote_active":false,"_monsterinsights_sitenote_note":"","_monsterinsights_sitenote_category":0},"aioseo_notices":[],"_links":{"self":[{"href":"https:\/\/tuplice.pl\/index.php\/wp-json\/wp\/v2\/pages\/3348"}],"collection":[{"href":"https:\/\/tuplice.pl\/index.php\/wp-json\/wp\/v2\/pages"}],"about":[{"href":"https:\/\/tuplice.pl\/index.php\/wp-json\/wp\/v2\/types\/page"}],"author":[{"embeddable":true,"href":"https:\/\/tuplice.pl\/index.php\/wp-json\/wp\/v2\/users\/1"}],"replies":[{"embeddable":true,"href":"https:\/\/tuplice.pl\/index.php\/wp-json\/wp\/v2\/comments?post=3348"}],"version-history":[{"count":7,"href":"https:\/\/tuplice.pl\/index.php\/wp-json\/wp\/v2\/pages\/3348\/revisions"}],"predecessor-version":[{"id":3846,"href":"https:\/\/tuplice.pl\/index.php\/wp-json\/wp\/v2\/pages\/3348\/revisions\/3846"}],"wp:attachment":[{"href":"https:\/\/tuplice.pl\/index.php\/wp-json\/wp\/v2\/media?parent=3348"}],"curies":[{"name":"wp","href":"https:\/\/api.w.org\/{rel}","templated":true}]}}