{"id":4341,"date":"2021-09-22T13:23:12","date_gmt":"2021-09-22T11:23:12","guid":{"rendered":"http:\/\/tuplice.pl\/?page_id=4341"},"modified":"2021-09-22T13:41:45","modified_gmt":"2021-09-22T11:41:45","slug":"centralna-ewidencja-emisyjnosci-budynkow","status":"publish","type":"page","link":"https:\/\/tuplice.pl\/index.php\/centralna-ewidencja-emisyjnosci-budynkow\/","title":{"rendered":"Centralna Ewidencja Emisyjno\u015bci Budynk\u00f3w"},"content":{"rendered":"<div class=\"informacje_tresc\">\n<div class=\"tresc\">\n<p class=\"jquery-typographer jquery-typographer-orphan jquery-typographer-punctuation\" style=\"text-align: center;\">Od 1 lipca 2021 roku ka\u017cdy W\u0142a\u015bciciel lub Zarz\u0105dca b\u0119dzie mia\u0142 obowi\u0105zek z\u0142o\u017cenia deklaracji do Centralnej Ewidencji Emisyjno\u015bci Budynk\u00f3w (CEEB) dotycz\u0105cej \u017ar\u00f3de\u0142 ciep\u0142a i\u00a0\u017ar\u00f3de\u0142 spalania\u00a0paliw.<\/p>\n<p class=\"jquery-typographer jquery-typographer-orphan jquery-typographer-punctuation\" style=\"text-align: center;\">Deklaracj\u0119 b\u0119dzie mo\u017cna z\u0142o\u017cy\u0107 drog\u0105 elektroniczn\u0105 na stronie: <a href=\"https:\/\/zone.gunb.gov.pl\/\" target=\"_blank\" rel=\"noopener noreferrer\">zone.gunb.gov.pl<\/a> lub w wersji papierowej w Urz\u0119dzie Gminy Tuplice ul. Mickiewicza 27<\/p>\n<p class=\"jquery-typographer jquery-typographer-orphan jquery-typographer-punctuation\" style=\"text-align: center;\">Na wys\u0142anie deklaracji obywatele b\u0119d\u0105 mieli 12 miesi\u0119cy w\u00a0przypadku budynk\u00f3w ju\u017c istniej\u0105cych. W\u00a0przypadku nowo powsta\u0142ych obiekt\u00f3w b\u0119dzie to termin 14 dni od uruchomienia nowego \u017ar\u00f3d\u0142a ciep\u0142a lub spalania\u00a0paliw.<\/p>\n<p class=\"jquery-typographer jquery-typographer-orphan jquery-typographer-punctuation\" style=\"text-align: center;\">Odpowiedzialnym za to zadanie jest G\u0142\u00f3wny Urz\u0105d Nadzoru Budownictwa\u00a0(GUNB).<\/p>\n<p class=\"jquery-typographer jquery-typographer-orphan jquery-typographer-punctuation\" style=\"text-align: center;\">Wi\u0119cej informacji na stronie GUNB: <a href=\"http:\/\/www.gunb.gov.pl\/strona\/centralna-ewidencja-emisyjnosci-budynkow-faq\" target=\"_blank\" rel=\"noopener noreferrer\">www.gunb.gov.pl\/strona\/centralna-ewidencja-emisyjnosci-budynkow-faq<\/a><\/p>\n<p class=\"jquery-typographer jquery-typographer-orphan jquery-typographer-punctuation\" style=\"text-align: center;\">Za\u0142\u0105czniki:<\/p>\n<p class=\"jquery-typographer jquery-typographer-orphan jquery-typographer-punctuation\" style=\"text-align: center;\"><a href=\"https:\/\/www.trzebiel.pl\/asp\/pliki\/aktualnosci\/deklaracja-a-osoby_fizyczne.pdf\">deklaracja budynki i\u00a0lokale mieszkalne.pdf<\/a><\/p>\n<p class=\"jquery-typographer jquery-typographer-orphan jquery-typographer-punctuation\" style=\"text-align: center;\"><a href=\"https:\/\/www.trzebiel.pl\/asp\/pliki\/aktualnosci\/deklaracja-b-firmy.pdf\">deklaracja budynki i\u00a0lokale niemieszkalne.pdf<\/a><\/p>\n<p class=\"jquery-typographer jquery-typographer-orphan jquery-typographer-punctuation\" style=\"text-align: center;\"><a href=\"https:\/\/www.trzebiel.pl\/asp\/pliki\/aktualnosci\/ceeb-ulotka_dla_wlascicieli_i_zarzadcow.pdf\">ulotka dla wlascicieli i\u00a0zarzadcow.pdf<\/a><\/p>\n<p class=\"jquery-typographer jquery-typographer-orphan jquery-typographer-punctuation\" style=\"text-align: center;\"><a href=\"https:\/\/www.trzebiel.pl\/asp\/pliki\/aktualnosci\/ulotka2-min.pdf\">ulotka2.pdf<\/a><\/p>\n<p class=\"jquery-typographer jquery-typographer-orphan jquery-typographer-punctuation\"><a href=\"https:\/\/zone.gunb.gov.pl\/\" target=\"_blank\" rel=\"noopener noreferrer\"><img decoding=\"async\" loading=\"lazy\" class=\"aligncenter\" title=\"- ceeb2.jpg\" src=\"https:\/\/www.trzebiel.pl\/asp\/pliki\/aktualnosci\/ceeb2.jpg\" alt=\"- ceeb2.jpg\" width=\"700\" height=\"587\" \/><\/a><\/p>\n<p class=\"jquery-typographer jquery-typographer-orphan jquery-typographer-punctuation\">\n<\/div>\n<\/div>\n<div class=\"pvc_clear\"><\/div>\n<p id=\"pvc_stats_4341\" class=\"pvc_stats all  \" data-element-id=\"4341\" style=\"\"><i class=\"pvc-stats-icon medium\" aria-hidden=\"true\"><svg aria-hidden=\"true\" focusable=\"false\" data-prefix=\"far\" data-icon=\"chart-bar\" role=\"img\" xmlns=\"http:\/\/www.w3.org\/2000\/svg\" viewBox=\"0 0 512 512\" class=\"svg-inline--fa fa-chart-bar fa-w-16 fa-2x\"><path fill=\"currentColor\" d=\"M396.8 352h22.4c6.4 0 12.8-6.4 12.8-12.8V108.8c0-6.4-6.4-12.8-12.8-12.8h-22.4c-6.4 0-12.8 6.4-12.8 12.8v230.4c0 6.4 6.4 12.8 12.8 12.8zm-192 0h22.4c6.4 0 12.8-6.4 12.8-12.8V140.8c0-6.4-6.4-12.8-12.8-12.8h-22.4c-6.4 0-12.8 6.4-12.8 12.8v198.4c0 6.4 6.4 12.8 12.8 12.8zm96 0h22.4c6.4 0 12.8-6.4 12.8-12.8V204.8c0-6.4-6.4-12.8-12.8-12.8h-22.4c-6.4 0-12.8 6.4-12.8 12.8v134.4c0 6.4 6.4 12.8 12.8 12.8zM496 400H48V80c0-8.84-7.16-16-16-16H16C7.16 64 0 71.16 0 80v336c0 17.67 14.33 32 32 32h464c8.84 0 16-7.16 16-16v-16c0-8.84-7.16-16-16-16zm-387.2-48h22.4c6.4 0 12.8-6.4 12.8-12.8v-70.4c0-6.4-6.4-12.8-12.8-12.8h-22.4c-6.4 0-12.8 6.4-12.8 12.8v70.4c0 6.4 6.4 12.8 12.8 12.8z\" class=\"\"><\/path><\/svg><\/i> <img decoding=\"async\" loading=\"lazy\" width=\"16\" height=\"16\" alt=\"Loading\" src=\"https:\/\/tuplice.pl\/wp-content\/plugins\/page-views-count\/ajax-loader-2x.gif\" border=0 \/><\/p>\n<div class=\"pvc_clear\"><\/div>\n","protected":false},"excerpt":{"rendered":"<p>Od 1 lipca 2021 roku ka\u017cdy W\u0142a\u015bciciel lub Zarz\u0105dca b\u0119dzie mia\u0142 obowi\u0105zek z\u0142o\u017cenia deklaracji do Centralnej Ewidencji Emisyjno\u015bci Budynk\u00f3w (CEEB) dotycz\u0105cej \u017ar\u00f3de\u0142 ciep\u0142a i\u00a0\u017ar\u00f3de\u0142 spalania\u00a0paliw. Deklaracj\u0119 b\u0119dzie mo\u017cna z\u0142o\u017cy\u0107 drog\u0105 elektroniczn\u0105 na stronie: zone.gunb.gov.pl lub w wersji papierowej w Urz\u0119dzie Gminy Tuplice ul. Mickiewicza 27 Na wys\u0142anie deklaracji obywatele b\u0119d\u0105 mieli 12 miesi\u0119cy w\u00a0przypadku budynk\u00f3w [&hellip;]<\/p>\n<div class=\"pvc_clear\"><\/div>\n<p id=\"pvc_stats_4341\" class=\"pvc_stats all  \" data-element-id=\"4341\" style=\"\"><i class=\"pvc-stats-icon medium\" aria-hidden=\"true\"><svg aria-hidden=\"true\" focusable=\"false\" data-prefix=\"far\" data-icon=\"chart-bar\" role=\"img\" xmlns=\"http:\/\/www.w3.org\/2000\/svg\" viewBox=\"0 0 512 512\" class=\"svg-inline--fa fa-chart-bar fa-w-16 fa-2x\"><path fill=\"currentColor\" d=\"M396.8 352h22.4c6.4 0 12.8-6.4 12.8-12.8V108.8c0-6.4-6.4-12.8-12.8-12.8h-22.4c-6.4 0-12.8 6.4-12.8 12.8v230.4c0 6.4 6.4 12.8 12.8 12.8zm-192 0h22.4c6.4 0 12.8-6.4 12.8-12.8V140.8c0-6.4-6.4-12.8-12.8-12.8h-22.4c-6.4 0-12.8 6.4-12.8 12.8v198.4c0 6.4 6.4 12.8 12.8 12.8zm96 0h22.4c6.4 0 12.8-6.4 12.8-12.8V204.8c0-6.4-6.4-12.8-12.8-12.8h-22.4c-6.4 0-12.8 6.4-12.8 12.8v134.4c0 6.4 6.4 12.8 12.8 12.8zM496 400H48V80c0-8.84-7.16-16-16-16H16C7.16 64 0 71.16 0 80v336c0 17.67 14.33 32 32 32h464c8.84 0 16-7.16 16-16v-16c0-8.84-7.16-16-16-16zm-387.2-48h22.4c6.4 0 12.8-6.4 12.8-12.8v-70.4c0-6.4-6.4-12.8-12.8-12.8h-22.4c-6.4 0-12.8 6.4-12.8 12.8v70.4c0 6.4 6.4 12.8 12.8 12.8z\" class=\"\"><\/path><\/svg><\/i> <img decoding=\"async\" loading=\"lazy\" width=\"16\" height=\"16\" alt=\"Loading\" src=\"https:\/\/tuplice.pl\/wp-content\/plugins\/page-views-count\/ajax-loader-2x.gif\" border=0 \/><\/p>\n<div class=\"pvc_clear\"><\/div>\n","protected":false},"author":3,"featured_media":0,"parent":0,"menu_order":0,"comment_status":"closed","ping_status":"closed","template":"","meta":{"_et_pb_use_builder":"","_et_pb_old_content":"","_et_gb_content_width":"","_monsterinsights_skip_tracking":false,"_monsterinsights_sitenote_active":false,"_monsterinsights_sitenote_note":"","_monsterinsights_sitenote_category":0},"aioseo_notices":[],"_links":{"self":[{"href":"https:\/\/tuplice.pl\/index.php\/wp-json\/wp\/v2\/pages\/4341"}],"collection":[{"href":"https:\/\/tuplice.pl\/index.php\/wp-json\/wp\/v2\/pages"}],"about":[{"href":"https:\/\/tuplice.pl\/index.php\/wp-json\/wp\/v2\/types\/page"}],"author":[{"embeddable":true,"href":"https:\/\/tuplice.pl\/index.php\/wp-json\/wp\/v2\/users\/3"}],"replies":[{"embeddable":true,"href":"https:\/\/tuplice.pl\/index.php\/wp-json\/wp\/v2\/comments?post=4341"}],"version-history":[{"count":2,"href":"https:\/\/tuplice.pl\/index.php\/wp-json\/wp\/v2\/pages\/4341\/revisions"}],"predecessor-version":[{"id":4345,"href":"https:\/\/tuplice.pl\/index.php\/wp-json\/wp\/v2\/pages\/4341\/revisions\/4345"}],"wp:attachment":[{"href":"https:\/\/tuplice.pl\/index.php\/wp-json\/wp\/v2\/media?parent=4341"}],"curies":[{"name":"wp","href":"https:\/\/api.w.org\/{rel}","templated":true}]}}